r when 36 is divided by (-1*(b/(-3) - -3))/(-2).
8
Suppose 2*i - 5*i + 1074 = -3*o, 0 = -3*i + 2*o + 1072. What is the remainder when i is divided by 46?
34
Let b be (-3)/6*(-1 + -133). Suppose -r = 26 - b. Suppose -r = -2*t - 3. Calculate the remainder when 75 is divided by t.
18
Let f(q) = 2*q**2 - 4*q + 7. Let a(u) = -u**2 - 10*u + 3. Let k be a(-10). Suppose -k*j + 12 = -6*j. What is the remainder when f(j) is divided by 14?
13
Let s = 38 - 26. Let w = s + -7. Let u = -22 - -32. What is the remainder when u is divided by w?
0
Suppose 0 = 4*i + 2*x + 402, i = -0*i - 5*x - 87. Let z = -92 - i. Suppose -5*j + 185 = o, j - 6*j - 5*o = -185. Calculate the remainder when j is divided by z.
7
Let g(n) = -2*n**2 + 25*n + 1. What is the remainder when g(4) is divided by 25?
19
Suppose 9 = -4*p + 7*p. Suppose -4*j = -4*q + 48, 3*q + j = -p*j + 64. Calculate the remainder when 62 is divided by q.
14
Suppose -116 - 20 = -4*h. What is the remainder when h is divided by ((-24)/10)/((-7)/(-70)*-2)?
10
Let l(o) = o**2 - 3*o + 4. Let i(y) = -12*y + 3. Calculate the remainder when l(-7) is divided by i(-3).
35
Let p = 7766 + -7757. Let u = 18 - 11. What is the remainder when p is divided by u?
2
Suppose 0 = -3*v - 4*h + 17 + 16, v = -5*h + 11. Calculate the remainder when 156/4 + 5/5 is divided by v.
7
Let q(w) = w**3 + 12*w**2 + 8*w - 8. Let u(j) = -2*j**2 + j + 4. Let z be u(3). Let p be q(z). Let n = p - 13. Calculate the remainder when 45 is divided by n.
9
Suppose 3*c + c + 41 = 5*h, h - 14 = -5*c. Let z = 105 + -83. Calculate the remainder when z is divided by h.
4
Let t = 967 - 787. What is the remainder when t is divided by 46?
42
Let y be (-21)/18*(-12)/2. Suppose y*k - 979 = -4*k. What is the remainder when k is divided by 30?
29
Suppose 5*q - 7*q + 24 = 0. Suppose -q*f + 300 = -7*f. Suppose -3*t + 26 = -l, 4*t - l + 6*l = f. Calculate the remainder when 37 is divided by t.
7
Suppose r + 3*j - 6 - 15 = 0, -5*j + 11 = -r. Let f(k) = -1 - 2 - 1 - r*k - k**2 - k. Calculate the remainder when 58 is divided by f(-4).
18
Suppose 2*u - 78 = -4*u. What is the remainder when (32*((-1)/2 - -1))/1 is divided by u?
3
Suppose 20 = 3*p + 5*j, -5*p = -3*j + 6 + 6. Suppose p = 9*u - 410 - 121. What is the remainder when u is divided by 1/(-4) - 121/(-4)?
29
Calculate the remainder when 212 is divided by (-5)/(-60) - (-395)/12.
14
Suppose 2*p + 4 = 3*q, 3*p + 2*p + 10 = 0. Calculate the remainder when 56 + (-4 - -2) + q is divided by (-36 - -6 - -2)/(8/(-4)).
12
Let k = 97 + -97. Suppose k = 26*c - 16*c - 220. Calculate the remainder when c is divided by 5.
2
Let h = -1 - -6. Suppose 106 + 24 = h*w. Calculate the remainder when w is divided by 2/4 - (-286)/44.
5
Suppose 3*o + 58 = 5*o. Let k = 4 - -11. Calculate the remainder when o is divided by k.
14
Suppose -58 = -5*s + 257. What is the remainder when 52 is divided by 9/s + 125/7?
16
Let f(i) be the first derivative of i**5/60 + 2*i**4/3 - i**3/3 - 12. Let l(y) be the third derivative of f(y). What is the remainder when l(7) is divided by 8?
6
Calculate the remainder when (426/(-9))/(4/(-6)) is divided by (-18)/(-81) - 480/(-27).
17
Let k(q) = -2*q**2 - 22*q - 23. What is the remainder when 73 is divided by k(-8)?
23
Calculate the remainder when 539 is divided by (-79532)/(-885) + (-2)/(-15).
89
Let m(o) = -o**3 + 5*o**2 + 5*o + 12. What is the remainder when -2 + -2*1*-10 is divided by m(6)?
0
Suppose 34 = 3*d - 4*k, -3*d + 0*d + 5*k + 35 = 0. Suppose -3 - d = -y. Let c = 51 + -27. What is the remainder when c is divided by y?
11
Let j = 10 - 4. Let h(n) = 4*n + 7. Let m(x) = x**3 - 62*x**2 - 126*x - 117. What is the remainder when h(j) is divided by m(64)?
9
Let c(t) = -17*t**3 + 10 - 13*t**2 + 19*t**3 + 8*t + 0*t - 4. What is the remainder when 69 is divided by c(6)?
15
Let d = -19 + 26. Let f(i) = -3 - d*i - 4 - 1 - 7*i. Calculate the remainder when f(-4) is divided by 17.
14
What is the remainder when 2/(-10)*-2 + 37515/1025 is divided by 4*4/8 - -18?
17
Let l(m) = -3*m**2 + 2 - 3 - 2 - m**3. Suppose 244 - 52 = 8*v. What is the remainder when v is divided by l(-4)?
11
Let o(u) = 21*u - 1. Let z be o(1). Suppose 5*f - z = -0*f. Calculate the remainder when 19 is divided by 243/45 - f/10.
4
Suppose 2*l = l + 6. Suppose -x + 2*y + 8 = 0, 3*x - 28 = l*y - 2*y. What is the remainder when 34 is divided by x?
10
Suppose 5*a - 20 = -2*z, 0 = -5*z - 3*a - a + 67. Let n = -39 - -43. Suppose -84 = -6*y + n*y. What is the remainder when y is divided by z?
12
Suppose -4*u + 560 = 10*u. What is the remainder when u is divided by 11?
7
Let t(j) = -j. Let v be t(1). Let h be 42/(((-84)/8)/(-7)). Let w = h + v. What is the remainder when 51 is divided by w?
24
Let t = 1544 - 1516. Let k(b) = -4*b - 1. Let m be k(-2). Calculate the remainder when 32*m/2 + -2 is divided by t.
26
Suppose d + f = 199, 0 = -2*f - 2. Suppose -5*y = -d - 195. Calculate the remainder when y is divided by 16.
15
Let u be (-52)/(-78)*(-30 - 0). Let z(k) = 2*k**3 - 6*k**2 + 3*k - 10. Let l be z(4). Let n = l + u. Calculate the remainder when 68 is divided by n.
12
Suppose 5*b + 804 = 17*b. Calculate the remainder when b is divided by 14.
11
Let j(f) = -2*f**3 + 3*f + 18. Let b(z) = -z**2 + 11*z - 8. Calculate the remainder when j(-3) is divided by b(8).
15
Suppose -195 + 1084 = t. Suppose y + w = 4*y - 533, -5*y + w = -t. Let o = -108 + y. Calculate the remainder when o is divided by 24.
22
Let a(r) = -r**3 - 19*r**2 - 17*r + 48. Calculate the remainder when a(-18) is divided by (-2)/7 + 116/14.
6
Calculate the remainder when 96 is divided by (-10)/(-4)*924/70.
30
Let v = 3 + 6. Calculate the remainder when 29 is divided by (-1420)/(-90) - (-2)/v.
13
Let k = -37 + 65. Calculate the remainder when 475 is divided by k.
27
Let w = -97 + 107. Suppose 2*l + 6 = -5*o + 21, 0 = -o - 5. Calculate the remainder when 14 is divided by 8/l*(0 + w).
2
Suppose -42*l - 7*l = -294. Calculate the remainder when 7 is divided by l.
1
Let h(n) = -n**3 - n**2 - 1. Let v be h(-2). Suppose 0 = -v*z - 4 + 31. Suppose -z*b + 4*b = -15. Calculate the remainder when b is divided by 3.
0
Suppose 37*b = 44*b - 147. Calculate the remainder when 96 is divided by b.
12
Let t = 72 + -65. Calculate the remainder when 1 is divided by 10/(-5) + -4 + t.
0
Suppose -4 = o + 4*k - 9, -10 = 5*k. Calculate the remainder when 283 is divided by o.
10
Suppose -3*v + 205 = 913. Let b be 2/7 + v/(-7). Let x = -17 + b. What is the remainder when x is divided by 10?
7
Let p = -18 + 7. Let i(o) = o**2 + 10*o - 3. What is the remainder when 11 is divided by i(p)?
3
Suppose -19*z + 26*z - 1134 = 0. What is the remainder when z is divided by 33?
30
Let o(n) = -n**3 + 11*n**2 + 15*n + 156. Let y = -102 + 162. What is the remainder when y is divided by o(13)?
8
Let l(i) = -2*i + 7. Suppose -4*j + 6*j - 4 = -2*a, -j = -4*a + 3. Suppose -c - r + 6 = j, 15 = 4*c - r. Calculate the remainder when l(-2) is divided by c.
3
Suppose i + 23 = 36. Let o be 53 - (0 + -2 + 1). Let t = o + -31. What is the remainder when t is divided by i?
10
Let m = -119 + 89. Calculate the remainder when 4/m - (27832/(-120))/7 is divided by 7.
5
Suppose -5*k = 3*i - 189, 4*i + i - 185 = -5*k. Suppose 2*x - 2*u - k = -5*u, -118 = -4*x + 2*u. Calculate the remainder when x is divided by 6.
3
Let q = 571 - 321. Calculate the remainder when q is divided by 23.
20
Suppose -d + 2*d = 2*k + 50, k = 3*d - 150. Calculate the remainder when 247 is divided by d.
47
Calculate the remainder when 4 + -1 + (-28)/4 + 154 is divided by 19.
17
Let m(v) = -v**3 - 2*v**2 - 2*v + 50. Let g = -56 + 56. Calculate the remainder when 98 is divided by m(g).
48
Let o(x) = -17*x - 6. Calculate the remainder when 167/4 - 10/(-40) is divided by o(-1).
9
Let p(g) = -g + 6. Suppose -3*l + 31 = -17. Suppose 0 = y + l - 10. What is the remainder when p(y) is divided by 7?
5
Suppose 72 = 2*s - 6. Calculate the remainder when 662 is divided by s.
38
Let l(h) = 9*h - 402. What is the remainder when 308 is divided by l(45)?
2
What is the remainder when 64 is divided by 91/1*28/98?
12
Let w = 319 - 301. Calculate the remainder when 161 is divided by w.
17
Suppose 77*v - 66*v = 341. Calculate the remainder when 306 is divided by v.
27
Let x = 121 + -133. Let r(z) = 